 of m and 48.
12
Let x be 2 + (-5 - -13) + -8. Let o(k) = k**2 + 2*k - 1. Let p be o(-3). Suppose p*b - x*h = 80, -8 = -3*h + h. What is the greatest common divisor of b and 11?
11
Suppose -10 = -2*p + 3*m + 33, 4*p + 5*m - 119 = 0. Suppose 20*l = p*l - 66. What is the greatest common factor of l and 1?
1
Suppose 17*c - 16*c - 2 = 0. Suppose -c*q + 36 = -2. What is the highest common factor of 38 and q?
19
Let h = 14 + -11. Suppose 0 = 3*g + o + h, o - 1 = -3*g + 4*g. Let r be 125 + 0 - (-2 - g). Calculate the highest common factor of r and 18.
18
Suppose 9*d = 7*d - 362. Let a = -90 - d. Calculate the greatest common factor of 7 and a.
7
Suppose 4*f - 696 = 228. Let o = -145 - -166. Calculate the highest common factor of o and f.
21
Let a = -11 + 41. Let v = -10 + 14. Suppose -4*w + 180 = v*f, 6*f - f - 225 = -4*w. Calculate the highest common divisor of f and a.
15
Let z(l) = -5*l + 14. Let h be (-5 + (-1 - -5))*-1*-8. Let j be z(h). Calculate the greatest common factor of j and 6.
6
Suppose 5*f + 3*k = 6, -10 = -3*f + f - 5*k. Suppose 50 = -f*p + 5*p. What is the greatest common factor of p and 30?
10
Let d(x) = 2*x**3 - 7*x**2 + 8*x + 10. Let j be d(6). Calculate the greatest common factor of 17 and j.
17
Let y(h) = -3*h - 7. Let v be y(3). Let f be (-2)/(-2) - -2*(-264)/v. Calculate the greatest common divisor of 17 and f.
17
Suppose -3*x - 51 = -6*x. Let t = -6 + x. What is the greatest common divisor of t and 33?
11
Let g = -122 + 130. Suppose -3*f + 5*f = 14. Let q be (f - 2)/((-1)/(-8)). Calculate the highest common factor of q and g.
8
Suppose 2*i = 2*d - 1 + 11, -4*i + 2*d + 14 = 0. Suppose -i - 6 = -v. What is the greatest common factor of 4 and v?
4
Let c be 1*(2 - 4)*(-121)/22. Suppose 4*t = 6*t - 176. Calculate the highest common factor of t and c.
11
Let r(i) = 5*i**2 + i - 5. Let j be r(-4). What is the greatest common divisor of j and 1207?
71
Let d(g) = 27*g - 21. Let x be d(5). What is the highest common factor of x and 19?
19
Let x = 108 - 60. Suppose -2*g + 72 = 3*s, 0*s + 2*s - x = 5*g. What is the greatest common divisor of s and 72?
24
Suppose -5*b + 26*n + 120 = 27*n, -5*b = -4*n - 120. Calculate the greatest common divisor of 16 and b.
8
Suppose -2*m + 13 = -a + m, 28 = 4*a + 4*m. Let j = -3 + 5. What is the greatest common divisor of a and j?
2
Let s = 2546 - 2535. Suppose 5 = 5*w - 0. What is the greatest common divisor of s and w?
1
Suppose 10*t + 2*t = 576. Calculate the highest common factor of t and 60.
12
Let d be 70 - (2 + (-8)/2). Let n(f) = -f**3 + 6*f**2 - 4*f + 3. Let w be n(5). Calculate the highest common divisor of d and w.
8
Let g = 170 + -78. What is the greatest common divisor of g and 253?
23
Let o(y) = 3*y**3 - 8*y**2 - 5*y + 4. Let v be o(5). Let p = v + -74. What is the highest common factor of 32 and p?
16
Let u(l) = 3*l**2 - 6*l + 23. Let p(m) = m**2 + m + 1. Let q(a) = -4*p(a) + u(a). Let z be q(-9). What is the greatest common divisor of 196 and z?
28
Suppose -5 = 3*q + 5*c + 3, -c = 4*q - 12. Suppose 3*y = 2*g - q, 0 = 2*y - 5*y. What is the greatest common divisor of g and 6?
2
Let o = 82 - 78. Let m be o/(-6) - (-602)/21. Calculate the highest common factor of m and 42.
14
Let m(q) = -q**2 + 14*q - 7. Let t be (-3)/(-6)*(25 + -3). Let j be m(t). What is the greatest common divisor of j and 78?
26
Suppose -v - 4*n - 422 = 0, -4*n - 1676 = 4*v - 0*n. Let g = v + 586. What is the highest common factor of 24 and g?
24
Let h be 0 + ((-4 - -5) + -1)*-1. Suppose h = -2*d, -p + 51 = 2*p + d. What is the greatest common factor of 187 and p?
17
Suppose -6*i + 34 + 56 = 0. Calculate the greatest common divisor of i and 495.
15
Let m be 664/6 - 12/18. Suppose -1119 = -5*t - l, t = -4*l + m + 110. Calculate the greatest common factor of t and 32.
32
Let n = -10 - -13. Let p be 12*-1*(-22)/n. Calculate the highest common divisor of p and 11.
11
Let h be -1*(-6 + (1 - 0)). Suppose -3*x + h*x - 8 = 0. What is the greatest common divisor of x and 6?
2
Suppose -11*t + 20 = -7*t - 4*z, 0 = -2*t - 4*z - 8. Let a = 21 - 13. Calculate the highest common divisor of t and a.
2
Let r be 0 - (0 - 3/(-3)). Let a be 1*(1 + -3)*r. Suppose -5*m + 136 = y, -a*y + 71 = -4*m - 201. What is the highest common divisor of y and 17?
17
Suppose -h - h + 24 = 0. Let b(y) = -46*y + 10. Let s be b(-8). Let g be s/h - 1/2. Calculate the highest common divisor of g and 31.
31
Let f be 2/7 - (183/(-21) + -4). Calculate the greatest common divisor of f and 247.
13
Let c = -1200 - -2064. Calculate the greatest common factor of c and 324.
108
Let y be (3 - 1)*-1 - -24. Let g = 68 + 112. Suppose 4*i = 532 - g. Calculate the highest common factor of y and i.
22
Suppose 4*w - 5*j + 17 = 0, -3*w + 2*j + 0 = 4. Suppose w*i = 76 - 48. What is the highest common divisor of i and 2?
2
Let a(t) = 15*t**2 + 7*t + 1. Let l be a(-5). Calculate the highest common factor of l and 11.
11
Let p be (29/(-3))/(1/(-12)). Let h be (144/3)/(3 + 5 - 6) - -5. What is the greatest common factor of h and p?
29
Let w be (-2)/(3 + (-57)/21). Let z = 14 + w. Let l(n) = 16*n - 7. Let k be l(z). Calculate the highest common factor of 21 and k.
21
Let j(h) = -h**3 + 18*h**2 + 2*h + 193. Let p be j(16). Calculate the greatest common divisor of 268 and p.
67
Suppose 0 = -4*l - 2*j + 66, 0 = l - 2*j - 24 - 5. Calculate the highest common factor of 589 and l.
19
Let w(g) = -11*g + 341. Let i be w(9). What is the greatest common factor of i and 22?
22
Let q = 544 - 535. Calculate the highest common factor of 198 and q.
9
Let a(v) = -v**2 + 23*v - 86. Let t be a(18). What is the highest common divisor of t and 404?
4
Let v(f) = 4*f**2 + f + 49. Let r be v(0). What is the greatest common factor of r and 28?
7
Let w(j) = -105*j - 119. Let a(f) = 13*f + 15. Let u(s) = 49*a(s) + 6*w(s). Let p be u(0). Calculate the greatest common divisor of 7 and p.
7
Let z(h) = 2*h**2 + 3*h. Let c(g) = 4 - g**3 - 6 - 5*g**2 + 0. Let w be c(-5). Let b be z(w). What is the highest common factor of 10 and b?
2
Suppose -5*u = 211 - 31. Let s be (1/(-3))/(-5 + (-174)/u). What is the greatest common divisor of 6 and s?
2
Suppose -5*t + 4*j + 2872 = 0, -2*j - 2046 = -3*t - 322. What is the highest common divisor of t and 18?
18
Suppose -2*n = -n - 56. Let m be (84/(-10))/((-176)/10560). What is the greatest common divisor of m and n?
56
Suppose -i + c + 77 = 0, 4*c - 40 = -3*i + 156. Let s = 13 + i. Suppose -83 = -5*x - 2*a, -5*a - 90 = -4*x - x. Calculate the greatest common factor of x and s.
17
Let p(m) = 6*m**2 - 9. Let s be p(2). Calculate the greatest common divisor of s and 21.
3
Suppose -3*z + p = -38, 2*z - 3*p - 47 = 2*p. Let g be 5/10*z*2. Let q = g + 11. What is the greatest common factor of q and 55?
11
Suppose 0*f + f + 2*x - 36 = 0, 0 = -2*x. Suppose -b + f = b. What is the highest common divisor of 6 and b?
6
Let m(c) = -3*c + 11. Let l be m(4). Let p be 3/(l*1/3). Let t be p/3 + 2 - -109. What is the greatest common divisor of 12 and t?
12
Suppose -n + 7 = 5*i, 5*n = -9*i + 4*i + 115. Let k(d) = 31*d + 3. Let u be k(6). Calculate the highest common factor of u and n.
27
Suppose 3*a + 5*s - 500 - 80 = 0, 5*a - 4*s - 979 = 0. Suppose -3*c - a = -6*c. What is the greatest common divisor of 26 and c?
13
Let s(c) = c + 44. Let a be s(31). Calculate the highest common factor of a and 300.
75
Let d be 8*((-2225)/(-10))/(-5). Let c be (-1)/4 - (d/16)/1. Calculate the highest common divisor of c and 11.
11
Let o be 0/(16/(-4) + 6). Suppose o = -7*w + 10*w. Suppose w = 2*g - 6 - 4. What is the highest common divisor of g and 45?
5
Suppose 0*m - 18 = -m. Let r = 30 - m. What is the greatest common divisor of 24 and r?
12
Suppose -n = -c - 108, 12*n = 10*n - 2*c + 232. Calculate the greatest common factor of 70 and n.
14
Suppose -3*k + 38 = -4*x, 6*x + 33 = 3*k + 3*x. Let y(b) = -171*b + 213. Let p be y(1). What is the highest common factor of p and k?
6
Let o be (((-25)/(-5))/15)/((-1)/(-6)). Suppose 4*v = q - 3*q + 90, -o*q = -v + 10. Calculate the highest common divisor of v and 180.
20
Let j be 44/(-66) - (-4)/(-6)*-19. Suppose -8*q - j + 212 = 0. Calculate the greatest common divisor of 75 and q.
25
Suppose 16*t = -5*t + 357. What is the highest common factor of t and 2669?
17
Let 